{"id":11,"date":"2024-10-09T04:15:23","date_gmt":"2024-10-09T04:15:23","guid":{"rendered":"http:\/\/jimmyfj.dk\/?page_id=11"},"modified":"2025-09-12T16:03:19","modified_gmt":"2025-09-12T14:03:19","slug":"lidt-om-peerarbejdet","status":"publish","type":"page","link":"https:\/\/jimmyfj.dk\/index.php\/lidt-om-peerarbejdet\/","title":{"rendered":"Peers"},"content":{"rendered":"\n<div class=\"wp-block-group alignfull has-global-padding is-layout-constrained wp-container-core-group-is-layout-8a2b1b76 wp-block-group-is-layout-constrained\" style=\"padding-top:var(--wp--preset--spacing--50);padding-right:var(--wp--preset--spacing--50);padding-bottom:var(--wp--preset--spacing--50);padding-left:var(--wp--preset--spacing--50)\">\n<div class=\"wp-block-group has-global-padding is-layout-constrained wp-container-core-group-is-layout-2bf980eb wp-block-group-is-layout-constrained\">\n<h1 class=\"wp-block-heading has-text-align-center has-x-large-font-size\">Peer to Peer &#8211; Fordi ingen har brug for v\u00e6lge den samme, tornede vej, jeg valgte!<\/h1>\n\n\n\n<div style=\"height:1.25rem\" aria-hidden=\"true\" class=\"wp-block-spacer\"><\/div>\n\n\n\n<p class=\"has-text-align-center wp-block-paragraph\">Uanset udfordringen, s\u00e5 husk; mange har g\u00e5et vejen f\u00f8r dig, og har overlevet.<\/p>\n\n\n\n<div style=\"height:1.25rem\" aria-hidden=\"true\" class=\"wp-block-spacer\"><\/div>\n\n\n\n<div class=\"wp-block-buttons is-content-justification-center is-layout-flex wp-container-core-buttons-is-layout-0aa01211 wp-block-buttons-is-layout-flex\">\n<div class=\"wp-block-button\"><a class=\"wp-block-button__link wp-element-button\" href=\"https:\/\/jimmyfj.dk\/\">Hjem<\/a><\/div>\n<\/div>\n<\/div>\n\n\n\n<div style=\"height:var(--wp--preset--spacing--30)\" aria-hidden=\"true\" class=\"wp-block-spacer\"><\/div>\n\n\n\n<figure class=\"wp-block-image aligncenter size-full is-resized\"><img loading=\"lazy\" decoding=\"async\" width=\"640\" height=\"360\" src=\"https:\/\/jimmyfj.dk\/wp-content\/uploads\/2025\/08\/fantasy-3077928_640.jpg\" alt=\"\" class=\"wp-image-410\" style=\"width:518px;height:auto\" srcset=\"https:\/\/jimmyfj.dk\/wp-content\/uploads\/2025\/08\/fantasy-3077928_640.jpg 640w, https:\/\/jimmyfj.dk\/wp-content\/uploads\/2025\/08\/fantasy-3077928_640-300x169.jpg 300w\" sizes=\"auto, (max-width: 640px) 100vw, 640px\" \/><\/figure>\n<\/div>\n\n\n\n<div class=\"wp-block-group alignfull has-base-2-background-color has-background has-global-padding is-layout-constrained wp-container-core-group-is-layout-73128380 wp-block-group-is-layout-constrained\" style=\"margin-top:0;margin-bottom:0;padding-top:var(--wp--preset--spacing--50);padding-right:var(--wp--preset--spacing--50);padding-bottom:var(--wp--preset--spacing--50);padding-left:var(--wp--preset--spacing--50)\">\n<div class=\"wp-block-group is-vertical is-content-justification-center is-layout-flex wp-container-core-group-is-layout-0009407c wp-block-group-is-layout-flex\">\n<h2 class=\"wp-block-heading has-text-align-center is-style-asterisk\">Led mig ikke, for jeg er m\u00e5ske ikke i stand til at f\u00f8lge<\/h2>\n\n\n\n<div style=\"height:0px\" aria-hidden=\"true\" class=\"wp-block-spacer wp-container-content-4f2ccadb\"><\/div>\n\n\n\n<p class=\"has-text-align-center wp-block-paragraph\">Det smukkeste i livet er at guide et menneske som endnu ikke har fundet egen styrke!<\/p>\n<\/div>\n\n\n\n<div style=\"margin-top:0;margin-bottom:0;height:var(--wp--preset--spacing--40)\" aria-hidden=\"true\" class=\"wp-block-spacer\"><\/div>\n\n\n\n<div class=\"wp-block-columns alignwide is-layout-flex wp-container-core-columns-is-layout-d525a65d wp-block-columns-is-layout-flex\">\n<div class=\"wp-block-column is-layout-flow wp-container-core-column-is-layout-da384c3e wp-block-column-is-layout-flow\">\n<h3 class=\"wp-block-heading has-text-align-left is-style-asterisk has-body-font-family has-medium-font-size\" style=\"font-style:normal;font-weight:600\">CHIME<\/h3>\n\n\n\n<p class=\"has-text-align-left wp-block-paragraph\">Forbundethed, H\u00e5b, Identitet, Meningsfuldhed og Empowerment<\/p>\n<\/div>\n\n\n\n<div class=\"wp-block-column is-layout-flow wp-container-core-column-is-layout-da384c3e wp-block-column-is-layout-flow\">\n<h3 class=\"wp-block-heading has-text-align-left is-style-asterisk has-body-font-family has-medium-font-size\" style=\"font-style:normal;font-weight:600\">Stil skarpt p\u00e5 dig selv<\/h3>\n\n\n\n<p class=\"has-text-align-left wp-block-paragraph\">Alle b\u00f8r l\u00e6re sig selv at kende<\/p>\n<\/div>\n\n\n\n<div class=\"wp-block-column is-layout-flow wp-container-core-column-is-layout-da384c3e wp-block-column-is-layout-flow\">\n<h3 class=\"wp-block-heading has-text-align-left is-style-asterisk has-body-font-family has-medium-font-size\" style=\"font-style:normal;font-weight:600\">Styrke kommer indefra<\/h3>\n\n\n\n<p class=\"has-text-align-left wp-block-paragraph\">Min styrke kan ikke m\u00e5les i meter<\/p>\n<\/div>\n<\/div>\n\n\n\n<div style=\"height:var(--wp--preset--spacing--20)\" aria-hidden=\"true\" class=\"wp-block-spacer\"><\/div>\n\n\n\n<div class=\"wp-block-columns alignwide is-layout-flex wp-container-core-columns-is-layout-d525a65d wp-block-columns-is-layout-flex\">\n<div class=\"wp-block-column is-layout-flow wp-container-core-column-is-layout-da384c3e wp-block-column-is-layout-flow\">\n<h3 class=\"wp-block-heading has-text-align-left is-style-asterisk has-body-font-family has-medium-font-size\" style=\"font-style:normal;font-weight:600\">Som menneske er jeg forpligtet<\/h3>\n\n\n\n<p class=\"has-text-align-left wp-block-paragraph\">Det er min pligt at v\u00e6re menneskelig. Det er et privilegie at tilgive en fejl<\/p>\n<\/div>\n\n\n\n<div class=\"wp-block-column is-layout-flow wp-container-core-column-is-layout-da384c3e wp-block-column-is-layout-flow\">\n<h3 class=\"wp-block-heading has-text-align-left is-style-asterisk has-body-font-family has-medium-font-size\" style=\"font-style:normal;font-weight:700\">Meditation <\/h3>\n\n\n\n<p class=\"has-text-align-left wp-block-paragraph\">Meditation handler ikke om at \u201ct\u00f8mme sindet,\u201d men om at observere det og finde ro midt i kaos<\/p>\n<\/div>\n\n\n\n<div class=\"wp-block-column is-layout-flow wp-container-core-column-is-layout-da384c3e wp-block-column-is-layout-flow\">\n<h3 class=\"wp-block-heading has-text-align-left is-style-asterisk has-body-font-family has-medium-font-size\" style=\"font-style:normal;font-weight:600\">Der findes en l\u00f8sning<\/h3>\n\n\n\n<p class=\"has-text-align-left wp-block-paragraph\">Svaret du jager forsvinder i jagten p\u00e5 det<\/p>\n<\/div>\n<\/div>\n<\/div>\n\n\n\n<div class=\"wp-block-group alignfull has-global-padding is-layout-constrained wp-container-core-group-is-layout-36f65c2d wp-block-group-is-layout-constrained\" style=\"margin-top:0;margin-bottom:0;padding-top:var(--wp--preset--spacing--50);padding-right:var(--wp--preset--spacing--50);padding-bottom:var(--wp--preset--spacing--50);padding-left:var(--wp--preset--spacing--50)\">\n<div class=\"wp-block-group alignwide has-global-padding is-layout-constrained wp-container-core-group-is-layout-90edb088 wp-block-group-is-layout-constrained\">\n<div class=\"wp-block-group is-vertical is-content-justification-center is-layout-flex wp-container-core-group-is-layout-5ef3efcf wp-block-group-is-layout-flex\">\n<h2 class=\"wp-block-heading has-text-align-center is-style-asterisk\">At n\u00e5 bunden g\u00f8r, at du kan s\u00e6tte af igen<\/h2>\n\n\n\n<p class=\"has-text-align-center wp-block-paragraph\">Husk &#8211; <strong>Du<\/strong> er din egen begr\u00e6nsning mod forandring i livet<\/p>\n<\/div>\n\n\n\n<div style=\"height:var(--wp--preset--spacing--40)\" aria-hidden=\"true\" class=\"wp-block-spacer\"><\/div>\n\n\n\n<div class=\"wp-block-columns alignwide is-layout-flex wp-container-core-columns-is-layout-189a6e74 wp-block-columns-is-layout-flex\">\n<div class=\"wp-block-column is-vertically-aligned-center is-layout-flow wp-block-column-is-layout-flow\" style=\"flex-basis:40%\">\n<h3 class=\"wp-block-heading is-style-asterisk\">Peerarbejde<\/h3>\n\n\n\n<ul style=\"line-height:1.75\" class=\"wp-block-list is-style-checkmark-list\">\n<li>V\u00e6re der for andre mennesker<\/li>\n\n\n\n<li>Bruge CHIME til at vise vejen til h\u00e5bet<\/li>\n\n\n\n<li>M\u00e5ske hvis du gik stoppede konflikten<\/li>\n<\/ul>\n<\/div>\n\n\n\n<div class=\"wp-block-column is-layout-flow wp-block-column-is-layout-flow\" style=\"flex-basis:50%\">\n<figure class=\"wp-block-image size-large is-resized is-style-rounded is-style-rounded--1\"><img loading=\"lazy\" decoding=\"async\" width=\"1024\" height=\"576\" src=\"https:\/\/jimmyfj.dk\/wp-content\/uploads\/2024\/10\/214901-1024x576.jpg\" alt=\"\" class=\"wp-image-57\" style=\"width:560px;height:auto\" srcset=\"https:\/\/jimmyfj.dk\/wp-content\/uploads\/2024\/10\/214901-1024x576.jpg 1024w, https:\/\/jimmyfj.dk\/wp-content\/uploads\/2024\/10\/214901-300x169.jpg 300w, https:\/\/jimmyfj.dk\/wp-content\/uploads\/2024\/10\/214901-768x432.jpg 768w, https:\/\/jimmyfj.dk\/wp-content\/uploads\/2024\/10\/214901-1536x864.jpg 1536w, https:\/\/jimmyfj.dk\/wp-content\/uploads\/2024\/10\/214901-2048x1152.jpg 2048w\" sizes=\"auto, (max-width: 1024px) 100vw, 1024px\" \/><\/figure>\n<\/div>\n<\/div>\n\n\n\n<div style=\"height:var(--wp--preset--spacing--40)\" aria-hidden=\"true\" class=\"wp-block-spacer\"><\/div>\n\n\n\n<div class=\"wp-block-columns alignwide is-layout-flex wp-container-core-columns-is-layout-189a6e74 wp-block-columns-is-layout-flex\">\n<div class=\"wp-block-column is-layout-flow wp-block-column-is-layout-flow\" style=\"flex-basis:50%\">\n<figure class=\"wp-block-image size-full is-style-rounded is-style-rounded--2\"><img loading=\"lazy\" decoding=\"async\" width=\"2000\" height=\"1209\" src=\"https:\/\/jimmyfj.dk\/wp-content\/uploads\/2024\/10\/wolfandsqurrel.jpg\" alt=\"\" class=\"wp-image-145\" srcset=\"https:\/\/jimmyfj.dk\/wp-content\/uploads\/2024\/10\/wolfandsqurrel.jpg 2000w, https:\/\/jimmyfj.dk\/wp-content\/uploads\/2024\/10\/wolfandsqurrel-300x181.jpg 300w, https:\/\/jimmyfj.dk\/wp-content\/uploads\/2024\/10\/wolfandsqurrel-1024x619.jpg 1024w, https:\/\/jimmyfj.dk\/wp-content\/uploads\/2024\/10\/wolfandsqurrel-768x464.jpg 768w, https:\/\/jimmyfj.dk\/wp-content\/uploads\/2024\/10\/wolfandsqurrel-1536x929.jpg 1536w\" sizes=\"auto, (max-width: 2000px) 100vw, 2000px\" \/><\/figure>\n<\/div>\n\n\n\n<div class=\"wp-block-column is-vertically-aligned-center is-layout-flow wp-block-column-is-layout-flow\" style=\"flex-basis:40%\">\n<h3 class=\"wp-block-heading is-style-asterisk\">Mennesket <\/h3>\n\n\n\n<ul style=\"line-height:1.75\" class=\"wp-block-list is-style-checkmark-list\">\n<li>Som menneske er du unik<\/li>\n\n\n\n<li>Ingen bestemmer din vej, den v\u00e6lger du selv<\/li>\n\n\n\n<li>Vejen til hjertet g\u00e5r gennem menneskelighed og empati<\/li>\n<\/ul>\n<\/div>\n<\/div>\n<\/div>\n<\/div>\n\n\n\n<div class=\"wp-block-group alignfull has-base-color has-contrast-background-color has-text-color has-background has-global-padding is-layout-constrained wp-container-core-group-is-layout-248f7c56 wp-block-group-is-layout-constrained\" style=\"margin-top:0;margin-bottom:0;padding-top:var(--wp--preset--spacing--60);padding-right:var(--wp--preset--spacing--60);padding-bottom:var(--wp--preset--spacing--60);padding-left:var(--wp--preset--spacing--60)\">\n<div class=\"wp-block-group has-global-padding is-layout-constrained wp-block-group-is-layout-constrained\">\n<p class=\"has-text-align-center has-base-color has-text-color has-heading-font-family has-x-large-font-size wp-block-paragraph\" style=\"line-height:1.2\"><em>\u201cDet kr\u00e6ver styrke at v\u00e6re svag.\u201d<\/em><\/p>\n\n\n\n<div style=\"height:var(--wp--preset--spacing--10)\" aria-hidden=\"true\" class=\"wp-block-spacer\"><\/div>\n\n\n\n<div class=\"wp-block-group is-vertical is-content-justification-center is-nowrap is-layout-flex wp-container-core-group-is-layout-e42cfab0 wp-block-group-is-layout-flex\">\n\n\n<p class=\"has-text-align-center wp-block-paragraph\" style=\"margin-top:var(--wp--preset--spacing--10);margin-bottom:0\">Webmaster<\/p>\n\n\n\n<p class=\"has-text-align-center has-contrast-3-color has-text-color has-small-font-size wp-block-paragraph\" style=\"font-style:normal;font-weight:300\">Jimmy Frydk\u00e6r Jensen<\/p>\n<\/div>\n<\/div>\n<\/div>\n\n\n\n<div class=\"wp-block-group alignfull has-global-padding is-layout-constrained wp-container-core-group-is-layout-36f65c2d wp-block-group-is-layout-constrained\" style=\"margin-top:0;margin-bottom:0;padding-top:var(--wp--preset--spacing--50);padding-right:var(--wp--preset--spacing--50);padding-bottom:var(--wp--preset--spacing--50);padding-left:var(--wp--preset--spacing--50)\">\n<h2 class=\"wp-block-heading alignwide has-x-large-font-size\" style=\"margin-top:0;margin-bottom:var(--wp--preset--spacing--40);line-height:1\">Se, Lyt, L\u00e6r<\/h2>\n\n\n\n<div class=\"wp-block-group alignwide has-global-padding is-layout-constrained wp-block-group-is-layout-constrained\">\n<div class=\"wp-block-query alignwide is-layout-flow wp-block-query-is-layout-flow\"><ul class=\"wp-block-post-template is-layout-flow wp-block-post-template-is-layout-flow\"><li class=\"wp-block-post post-1 post type-post status-publish format-standard hentry category-uncategorized\">\n\n<hr class=\"wp-block-separator has-text-color has-contrast-3-color has-alpha-channel-opacity has-contrast-3-background-color has-background alignwide is-style-wide\"\/>\n\n\n\n<div class=\"wp-block-columns alignwide are-vertically-aligned-center is-layout-flex wp-container-core-columns-is-layout-50bb89e7 wp-block-columns-is-layout-flex\" style=\"margin-top:var(--wp--preset--spacing--20);margin-bottom:var(--wp--preset--spacing--20)\">\n<div class=\"wp-block-column is-vertically-aligned-center is-layout-flow wp-block-column-is-layout-flow\" style=\"flex-basis:72%\"><h2 style=\"font-size:clamp(0.984rem, 0.984rem + ((1vw - 0.2rem) * 0.86), 1.5rem);line-height:1.1;\" class=\"wp-block-post-title\"><a href=\"https:\/\/jimmyfj.dk\/index.php\/2024\/10\/09\/hello-world\/\" target=\"_self\" >Hej med dig!<\/a><\/h2><\/div>\n\n\n\n<div class=\"wp-block-column is-vertically-aligned-center is-layout-flow wp-block-column-is-layout-flow\" style=\"flex-basis:28%\"><div class=\"wp-block-template-part\">\n\n<div class=\"wp-block-group has-global-padding is-layout-constrained wp-block-group-is-layout-constrained\">\n\t\n\t<div class=\"wp-block-group is-content-justification-left is-layout-flex wp-container-core-group-is-layout-6a058180 wp-block-group-is-layout-flex\">\n\t\t<div class=\"wp-block-post-date\"><a href=\"https:\/\/jimmyfj.dk\/index.php\/2024\/10\/09\/hello-world\/\"><time datetime=\"2024-10-09T06:03:04+02:00\">okt 9, 2024<\/time><\/a><\/div>\n\n\t\t\n\t\t<p class=\"has-contrast-2-color has-text-color wp-block-paragraph\">\u2014<\/p>\n\t\t\n\n\t\t\n\t\t<p class=\"has-small-font-size has-contrast-2-color has-text-color wp-block-paragraph\">by<\/p>\n\t\t\n\n\t\t<div class=\"wp-block-post-author-name\"><a href=\"https:\/\/jimmyfj.dk\/index.php\/author\/admin\/\" target=\"_self\" class=\"wp-block-post-author-name__link\">Jimmy Frydk\u00e6r Jensen<\/a><\/div>\n\n\t\t<div class=\"taxonomy-category wp-block-post-terms\"><span class=\"wp-block-post-terms__prefix\">in <\/span><a href=\"https:\/\/jimmyfj.dk\/index.php\/category\/uncategorized\/\" rel=\"tag\">Uncategorized<\/a><\/div>\n\n\t<\/div>\n\t\n<\/div>\n\n\n<\/div><\/div>\n<\/div>\n\n<\/li><\/ul>\n\n\n<div style=\"height:var(--wp--preset--spacing--30)\" aria-hidden=\"true\" class=\"wp-block-spacer\"><\/div>\n\n\n\n\n<\/div>\n<\/div>\n<\/div>\n\n\n\n<div class=\"wp-block-group alignfull has-global-padding is-layout-constrained wp-container-core-group-is-layout-36f65c2d wp-block-group-is-layout-constrained\" style=\"margin-top:0;margin-bottom:0;padding-top:var(--wp--preset--spacing--50);padding-right:var(--wp--preset--spacing--50);padding-bottom:var(--wp--preset--spacing--50);padding-left:var(--wp--preset--spacing--50)\">\n<div class=\"wp-block-group alignwide has-base-2-background-color has-background has-global-padding is-layout-constrained wp-container-core-group-is-layout-4e81a00d wp-block-group-is-layout-constrained\" style=\"border-radius:16px;padding-top:var(--wp--preset--spacing--40);padding-right:var(--wp--preset--spacing--50);padding-bottom:var(--wp--preset--spacing--40);padding-left:var(--wp--preset--spacing--50)\">\n<div style=\"height:var(--wp--preset--spacing--10)\" aria-hidden=\"true\" class=\"wp-block-spacer\"><\/div>\n\n\n\n<h2 class=\"wp-block-heading has-text-align-center has-x-large-font-size\">If you join me, join me for a lifetime<\/h2>\n\n\n\n<p class=\"has-text-align-center wp-block-paragraph\">Sammen er vi st\u00e6rke<\/p>\n\n\n\n<div class=\"wp-block-buttons is-content-justification-center is-layout-flex wp-container-core-buttons-is-layout-0aa01211 wp-block-buttons-is-layout-flex\">\n<div class=\"wp-block-button\"><a class=\"wp-block-button__link wp-element-button\" href=\"https:\/\/jimmyfj.dk\">Hjem<\/a><\/div>\n<\/div>\n\n\n\n<div style=\"height:var(--wp--preset--spacing--10)\" aria-hidden=\"true\" class=\"wp-block-spacer\"><\/div>\n<\/div>\n<\/div>\n","protected":false},"excerpt":{"rendered":"<p>Peer to Peer &#8211; Fordi ingen har brug for v\u00e6lge den samme, tornede vej, jeg valgte! Uanset udfordringen, s\u00e5 husk; mange har g\u00e5et vejen f\u00f8r dig, og har overlevet. Led mig ikke, for jeg er m\u00e5ske ikke i stand til at f\u00f8lge Det smukkeste i livet er at guide et menneske som endnu ikke har [&hellip;]<\/p>\n","protected":false},"author":1,"featured_media":0,"parent":0,"menu_order":0,"comment_status":"closed","ping_status":"closed","template":"","meta":{"_crdt_document":"","footnotes":""},"class_list":["post-11","page","type-page","status-publish","hentry"],"_links":{"self":[{"href":"https:\/\/jimmyfj.dk\/index.php\/wp-json\/wp\/v2\/pages\/11","targetHints":{"allow":["GET"]}}],"collection":[{"href":"https:\/\/jimmyfj.dk\/index.php\/wp-json\/wp\/v2\/pages"}],"about":[{"href":"https:\/\/jimmyfj.dk\/index.php\/wp-json\/wp\/v2\/types\/page"}],"author":[{"embeddable":true,"href":"https:\/\/jimmyfj.dk\/index.php\/wp-json\/wp\/v2\/users\/1"}],"replies":[{"embeddable":true,"href":"https:\/\/jimmyfj.dk\/index.php\/wp-json\/wp\/v2\/comments?post=11"}],"version-history":[{"count":59,"href":"https:\/\/jimmyfj.dk\/index.php\/wp-json\/wp\/v2\/pages\/11\/revisions"}],"predecessor-version":[{"id":534,"href":"https:\/\/jimmyfj.dk\/index.php\/wp-json\/wp\/v2\/pages\/11\/revisions\/534"}],"wp:attachment":[{"href":"https:\/\/jimmyfj.dk\/index.php\/wp-json\/wp\/v2\/media?parent=11"}],"curies":[{"name":"wp","href":"https:\/\/api.w.org\/{rel}","templated":true}]}}