{"id":2,"date":"2024-10-09T06:03:04","date_gmt":"2024-10-09T06:03:04","guid":{"rendered":"http:\/\/jimmyfj.dk\/?page_id=2"},"modified":"2025-10-19T15:49:32","modified_gmt":"2025-10-19T13:49:32","slug":"sample-page","status":"publish","type":"page","link":"https:\/\/jimmyfj.dk\/index.php\/sample-page\/","title":{"rendered":"Om Mig"},"content":{"rendered":"\n<p class=\"wp-block-paragraph\"><\/p>\n\n\n\n<p class=\"wp-block-paragraph\"><\/p>\n\n\n\n<blockquote class=\"wp-block-quote is-layout-flow wp-block-quote-is-layout-flow\">\n<p class=\"wp-block-paragraph\">&#8220;Dette er ikke mig<\/p>\n\n\n\n<p class=\"wp-block-paragraph\">Dette er kun et spor<\/p>\n\n\n\n<p class=\"wp-block-paragraph\">Tr\u00e5dt p\u00e5 min korte vej<\/p>\n\n\n\n<p class=\"wp-block-paragraph\">Over den h\u00e5rde jord!&#8221;<\/p>\n\n\n\n<p class=\"wp-block-paragraph\">Jeg er en mand p\u00e5 64. Jeg er far til tre voksne b\u00f8rn, og har syv b\u00f8rneb\u00f8rn. Min st\u00f8rste interesse er at arbejde med mennesker. De mennesker, som mange ynder at se ned p\u00e5 som svage, ryggesl\u00f8se individer, som &#8220;bare kan tage sig sammen!&#8221;<\/p>\n\n\n\n<p class=\"wp-block-paragraph\">At bede en misbruger om at &#8220;tage sig sammen&#8221; svarer til, at jeg forlanger at du skal holde op med at tr\u00e6kke vejret for at stoppe CO-2 forureningen.<\/p>\n\n\n\n<p class=\"wp-block-paragraph\">M\u00e5ske er du selv blot en drink fra et misbrug du ikke kan kontrollere, \u00e9n drink fra at ende p\u00e5 b\u00e6nken med flasken i h\u00e5nden.<\/p>\n\n\n\n<p class=\"wp-block-paragraph\">Alle du ser p\u00e5 din vej gennem livet har en historie. En kan v\u00e6re g\u00e5et ned med en milliardforretning fordi konen og advokaten hyggede sig bag hans ryg og l\u00f8b med det hele. Hvad v\u00e9d du om hver enkelt historie?<\/p>\n<\/blockquote>\n\n\n\n<p class=\"wp-block-paragraph\"><\/p>\n\n\n\n<blockquote class=\"wp-block-quote is-layout-flow wp-block-quote-is-layout-flow\">\n<p class=\"wp-block-paragraph\"><em><strong>Gud, giv mig SINDSRO\u00a0til at acceptere de ting, jeg ikke kan \u00e6ndre, MOD\u00a0til at \u00e6ndre de ting, jeg kan,\u00a0og VISDOM til at se forskellen, tak<\/strong><\/em><\/p>\n\n\n\n<p class=\"wp-block-paragraph\">Jeg er uddannet Peermedarbejder hos Frederikshavn kommune. Mit h\u00e5b er at g\u00f8re en forskel for bare \u00e9t menneske. Kan jeg hj\u00e6lpe blot \u00e9t menneske med at f\u00e5 det bedre, s\u00e5 er jeg glad.<\/p>\n\n\n\n<p class=\"wp-block-paragraph\">For at forst\u00e5 livet er det n\u00f8dvendigt at forst\u00e5 sig selv. Tvivler du p\u00e5 dig selv, s\u00e5 tvivler livet som regel ogs\u00e5 p\u00e5 dig. Du er den eneste, som kan bestemme vejen i <em>dit<\/em> liv, du er den <em>eneste<\/em>, som kan tr\u00e6de dine sko ud. Du blev f\u00f8dt alene &#8211; Og du skal d\u00f8 alene. Ingen kan f\u00f8des eller d\u00f8 for dig. Livet er en individuel ting, som er unik for alle mennesker. Tro derfor p\u00e5 dig selv. G\u00f8r du ikke det, s\u00e5 tror andre ikke p\u00e5 dig. Og husk, at ingen overlever livet i den sidste ende. Vi skal alle d\u00f8, og kan kun h\u00e5be at det sker sent i livet.<\/p>\n<\/blockquote>\n\n\n\n<p class=\"wp-block-paragraph\"><\/p>\n","protected":false},"excerpt":{"rendered":"<p>&#8220;Dette er ikke mig Dette er kun et spor Tr\u00e5dt p\u00e5 min korte vej Over den h\u00e5rde jord!&#8221; Jeg er en mand p\u00e5 64. Jeg er far til tre voksne b\u00f8rn, og har syv b\u00f8rneb\u00f8rn. Min st\u00f8rste interesse er at arbejde med mennesker. De mennesker, som mange ynder at se ned p\u00e5 som svage, ryggesl\u00f8se [&hellip;]<\/p>\n","protected":false},"author":1,"featured_media":0,"parent":0,"menu_order":0,"comment_status":"closed","ping_status":"open","template":"","meta":{"_crdt_document":"","footnotes":""},"class_list":["post-2","page","type-page","status-publish","hentry"],"_links":{"self":[{"href":"https:\/\/jimmyfj.dk\/index.php\/wp-json\/wp\/v2\/pages\/2","targetHints":{"allow":["GET"]}}],"collection":[{"href":"https:\/\/jimmyfj.dk\/index.php\/wp-json\/wp\/v2\/pages"}],"about":[{"href":"https:\/\/jimmyfj.dk\/index.php\/wp-json\/wp\/v2\/types\/page"}],"author":[{"embeddable":true,"href":"https:\/\/jimmyfj.dk\/index.php\/wp-json\/wp\/v2\/users\/1"}],"replies":[{"embeddable":true,"href":"https:\/\/jimmyfj.dk\/index.php\/wp-json\/wp\/v2\/comments?post=2"}],"version-history":[{"count":10,"href":"https:\/\/jimmyfj.dk\/index.php\/wp-json\/wp\/v2\/pages\/2\/revisions"}],"predecessor-version":[{"id":580,"href":"https:\/\/jimmyfj.dk\/index.php\/wp-json\/wp\/v2\/pages\/2\/revisions\/580"}],"wp:attachment":[{"href":"https:\/\/jimmyfj.dk\/index.php\/wp-json\/wp\/v2\/media?parent=2"}],"curies":[{"name":"wp","href":"https:\/\/api.w.org\/{rel}","templated":true}]}}